{"id":31810,"date":"2025-09-10T08:23:08","date_gmt":"2025-09-10T08:23:08","guid":{"rendered":"https:\/\/inmobiliariatolooliver.com\/propiedades\/planta-baja-tipo-duplex-para-renovar\/"},"modified":"2026-04-28T10:25:50","modified_gmt":"2026-04-28T10:25:50","slug":"planta-baja-tipo-duplex-para-renovar","status":"publish","type":"property","link":"https:\/\/inmobiliariatolooliver.com\/en\/propiedades\/planta-baja-tipo-duplex-para-renovar\/","title":{"rendered":"Planta baja tipo d\u00faplex para renovar."},"content":{"rendered":"\n<p><strong>Planta baja tipo d\u00faplex para renovar.<\/strong><\/p>\n\n\n\n<p><strong>Situada en el centro de S\u00f3ller, se trata de un proyecto interesante para hacer un hogar a tu gusto que consta de garaje con s\u00f3tano trastero, entrada, <\/strong><strong>2 dormitorios, aseo, ba\u00f1o sal\u00f3n comedor y cocina, ambos con acceso directo al porche exterior y al espacioso jard\u00edn<\/strong>.<\/p>\n","protected":false},"excerpt":{"rendered":"<p>Planta baja tipo d\u00faplex para renovar. Situada en el centro de S\u00f3ller, se trata de un proyecto interesante para hacer un hogar a tu gusto que consta de garaje con s\u00f3tano trastero, entrada, 2 dormitorios, aseo, ba\u00f1o sal\u00f3n comedor y cocina, ambos con acceso directo al porche exterior y al espacioso jard\u00edn.<\/p>\n","protected":false},"author":2,"featured_media":31809,"parent":0,"menu_order":0,"comment_status":"closed","ping_status":"closed","template":"","property-types":[58,59],"property-statuses":[86],"property-cities":[63],"property-features":[85,131,140],"class_list":["post-31810","property","type-property","status-publish","has-post-thumbnail","hentry","property-type-apartment","property-type-house","property-status-vendida-en","property-city-soller-en","property-feature-jardin-en","property-feature-patio-en","property-feature-terraza-en","clearfix"],"aioseo_notices":[],"_links":{"self":[{"href":"https:\/\/inmobiliariatolooliver.com\/en\/wp-json\/wp\/v2\/properties\/31810","targetHints":{"allow":["GET"]}}],"collection":[{"href":"https:\/\/inmobiliariatolooliver.com\/en\/wp-json\/wp\/v2\/properties"}],"about":[{"href":"https:\/\/inmobiliariatolooliver.com\/en\/wp-json\/wp\/v2\/types\/property"}],"author":[{"embeddable":true,"href":"https:\/\/inmobiliariatolooliver.com\/en\/wp-json\/wp\/v2\/users\/2"}],"replies":[{"embeddable":true,"href":"https:\/\/inmobiliariatolooliver.com\/en\/wp-json\/wp\/v2\/comments?post=31810"}],"version-history":[{"count":1,"href":"https:\/\/inmobiliariatolooliver.com\/en\/wp-json\/wp\/v2\/properties\/31810\/revisions"}],"predecessor-version":[{"id":31811,"href":"https:\/\/inmobiliariatolooliver.com\/en\/wp-json\/wp\/v2\/properties\/31810\/revisions\/31811"}],"wp:featuredmedia":[{"embeddable":true,"href":"https:\/\/inmobiliariatolooliver.com\/en\/wp-json\/wp\/v2\/media\/31809"}],"wp:attachment":[{"href":"https:\/\/inmobiliariatolooliver.com\/en\/wp-json\/wp\/v2\/media?parent=31810"}],"wp:term":[{"taxonomy":"property-type","embeddable":true,"href":"https:\/\/inmobiliariatolooliver.com\/en\/wp-json\/wp\/v2\/property-types?post=31810"},{"taxonomy":"property-status","embeddable":true,"href":"https:\/\/inmobiliariatolooliver.com\/en\/wp-json\/wp\/v2\/property-statuses?post=31810"},{"taxonomy":"property-city","embeddable":true,"href":"https:\/\/inmobiliariatolooliver.com\/en\/wp-json\/wp\/v2\/property-cities?post=31810"},{"taxonomy":"property-feature","embeddable":true,"href":"https:\/\/inmobiliariatolooliver.com\/en\/wp-json\/wp\/v2\/property-features?post=31810"}],"curies":[{"name":"wp","href":"https:\/\/api.w.org\/{rel}","templated":true}]}}

Planta baja tipo dúplex para renovar.

<p><strong>Planta baja tipo dúplex para renovar.</strong></p>



<p><strong>Situada en el centro de Sóller, se trata de un proyecto interesante para hacer un hogar a tu gusto que consta de garaje con sótano trastero, entrada, </strong><strong>2 dormitorios, aseo, baño salón comedor y cocina, ambos con acceso directo al porche exterior y al espacioso jardín</strong>.</p>

<p>Planta baja tipo dúplex para renovar. Situada en el centro de Sóller, se trata de un proyecto interesante para hacer un hogar a tu gusto que consta de garaje con sótano trastero, entrada, 2 dormitorios, aseo, baño salón comedor y cocina, ambos con acceso directo al porche exterior y al espacioso jardín.</p>
